ivided by 14?
11
Suppose -3*h - 4*u = -0*h, 2*h = -3*u - 1. What is the remainder when 13 is divided by 6/h*42/9?
6
Suppose 4*x + x = 10. Suppose 5*h = 3*v - 9, -x*h - 3*v + 9 = -h. Suppose h = n - 3*l - 8, n - 3*l - 19 = -n. Calculate the remainder when 43 is divided by n.
10
Let g(h) = -5*h - 7. Let b(n) = n**2 - 8*n + 3. Let d be b(6). Calculate the remainder when g(d) is divided by 13.
12
Suppose -u + 2*m = -3*m - 24, -m = 3*u - 40. Calculate the remainder when 51 is divided by u.
9
Let r = 17 + -26. What is the remainder when (-3)/r - 80/(-3) is divided by 10?
7
Calculate the remainder when 18/(-24) + 117/12 is divided by 3.
0
Let n(l) = 13*l**2 + 13*l + 20. What is the remainder when n(-2) is divided by 8?
6
Let x = -20 + 14. Let r = x + 10. Calculate the remainder when (6/2)/3 + r is divided by 3.
2
Suppose 9 = 4*a + 4*w - 11, 3*a = 3*w + 3. Suppose a*o + 4*x = 38, 5*o + 4*x - 54 - 4 = 0. What is the remainder when 29*(0 - -1) - 0 is divided by o?
9
Suppose -207 = -2*m - 27. Let q(f) = 3*f**2 - 4. Calculate the remainder when m is divided by q(3).
21
Let v(b) = -b**3 + 3*b**2 + 6*b + 2. What is the remainder when v(-4) is divided by 31?
28
Let j be 2/3 + (-110)/(-33). Suppose j*d - 157 = 5*y, 2*d + 169 = 6*d - y. Calculate the remainder when d is divided by 11.
10
Let w = -6 - -6. Suppose 3*o + 3*k = 0, w*o - 5*o = 3*k. Suppose 0*f + y = -3*f + 8, o = 5*y + 20. Calculate the remainder when 7 is divided by f.
3
Let a(g) = g + 13. Suppose 6 = -0*r + 3*r. Suppose r*f = -3*j + 7, 0 = 3*f - 0*f - 2*j - 30. Calculate the remainder when a(0) is divided by f.
5
Suppose 2*k = 6 - 2. Suppose 2*h - 57 = 3*z, 2*h + k*z - 28 = 14. Calculate the remainder when 95 is divided by h.
23
Suppose 4*j + 7 + 4 = -z, 5*j = -5*z + 20. Calculate the remainder when z is divided by 3.
0
Suppose -3*z = -4*z. Let a(i) = 7*i + 1. Let f be a(5). Suppose z = 4*o - g - 3*g - 68, 2*o - f = 4*g. What is the remainder when o is divided by 9?
7
Let d(c) = c**3 + 10*c**2 + c + 13. Calculate the remainder when 8 is divided by d(-10).
2
Suppose -w + 0 = -2. Suppose -4*o + 2*j + 206 = 0, w*o + 142 = 5*o + j. Calculate the remainder when o is divided by 17.
15
Let q = 28 - -38. Suppose -2*n - 74 = -7*d + 4*d, 5*d = 2*n + q. Let v = -24 - n. What is the remainder when 37 is divided by v?
18
Let r(v) = v + 24. Suppose -3*t - 94 + 23 = -4*n, -5*t + 15 = 0. Calculate the remainder when n is divided by r(-17).
6
Suppose 2*o = -2*d + 16, -5*d + 4*d + 28 = 5*o. Let w(g) = -g - 3*g**d - 2*g + 2*g**3 - 3*g**2. Calculate the remainder when w(-2) is divided by 2.
0
Let o = 216 + -204. Suppose 7 = v - 1. What is the remainder when v/2*(-33)/(-6) is divided by o?
10
Suppose 3*o + 1 = 28. Let v be 5*((-1 - 0) + 2). Suppose r - 13 - 24 = v*s, -2*r + 3*s = -46. Calculate the remainder when r is divided by o.
8
Let i = 11 + 3. Suppose -5*g + 59 - i = 0. What is the remainder when 17 is divided by g?
8
Suppose 2*g + 60 = 5*b + 3*g, g - 16 = -b. Suppose -4*x = b + 9. Let f = 27 - x. What is the remainder when f is divided by 17?
15
Suppose 3*a - 32 = -5*q, 2*a - 11 = -3*q + 9. Suppose 0 = -3*m - v + 38, m - 4*v = -q*m + 52. Let t = -3 + 25. Calculate the remainder when t is divided by m.
10
Calculate the remainder when ((-14)/(-6))/(2/6) is divided by (-2)/(-2)*5 - 2.
1
Let b(h) = 2*h + 7. Suppose 4*k = x + 26, k - 4*k = -2*x - 27. Let f be b(x). What is the remainder when (18/(-15))/3*f is divided by 2?
0
Suppose -5*y + 9*y - 88 = -2*s, -4*y + 3*s = -88. Suppose -u + 108 = 2*u. Suppose 0 = -0*v - 3*v + u. What is the remainder when y is divided by v?
10
Suppose 58 = -4*x + 334. What is the remainder when x is divided by (3/4)/(2/48)?
15
Let b(g) = 2*g - 5. Suppose -6 = -2*s - i + 9, 3*s - 10 = i. Suppose 2*o + 2*o - 1 = 5*c, -2*o = -2*c - 2. What is the remainder when b(s) is divided by c?
2
Suppose -6 = -4*r + 6. What is the remainder when ((-86)/(r - 1))/(-1) is divided by 23?
20
Let x = 17 + -10. What is the remainder when 27 is divided by x?
6
Let d be (-1)/((3/1)/18). Let w be ((-6)/(-9)*d)/(-2). Suppose w*o = 3*o - 38. What is the remainder when o is divided by 13?
12
Let s = -42 + 88. Let z = 11 + -2. Suppose b - 7 = z. What is the remainder when s is divided by b?
14
Let w be (-6)/(-4)*(1 + -3). What is the remainder when 25 is divided by w - (0 + -2) - -15?
11
Let b = -11 + 29. Calculate the remainder when b is divided by 5.
3
Suppose -3*y - 15 + 116 = -5*l, 0 = 2*y - l - 65. What is the remainder when 61 is divided by y?
29
Suppose -3*g + 0*g - 4*s = 15, -3*g = 3*s + 12. Let c(r) = -19*r + 1. Calculate the remainder when c(g) is divided by 11.
9
Suppose -s + 3 = -10. Calculate the remainder when s is divided by 8.
5
What is the remainder when 13 is divided by 18/(55/22*(-8)/(-10))?
4
Suppose 2*u - 28 = u. Let d(i) = 6*i - 2. Calculate the remainder when u is divided by d(2).
8
Suppose -t + 174 = 5*c + 45, 0 = 2*t + 3*c - 244. What is the remainder when t is divided by 12?
11
Suppose 12*t = 361 + 203. Calculate the remainder when t is divided by 12.
11
Suppose 4*d - 65 = 79. Suppose -54 + 11 = -3*r - 4*h, 49 = 4*r - 3*h. Calculate the remainder when d is divided by r.
10
Let i = 23 + -50. Let q be (-9)/36 - (-187)/(-4). Let d = i - q. Calculate the remainder when 38 is divided by d.
18
Let y(r) be the first derivative of -5*r**4/4 + r**3/3 + r**2/2 + r + 2. Let a = 2 - 3. What is the remainder when y(a) is divided by 4?
2
Calculate the remainder when 73/2 - 2/(-4) is divided by 20.
17
Let i(q) = q**2 + 2*q. Suppose 0 = -4*w + w + 102. Suppose 3*s - w + 1 = b, -5*s - 3*b + 69 = 0. What is the remainder when i(5) is divided by s?
11
Let g(w) = w. Let l(c) = 1. Let j(a) = -g(a) - 4*l(a). Calculate the remainder when j(-7) is divided by 1.
0
Let h(q) = 2*q**2 + 7*q + 9. What is the remainder when h(6) is divided by 18?
15
Suppose p = -f + 3, 4*f + p - 4*p = 12. Suppose -t = -f - 14. Suppose 3*n + 9 = 39. Calculate the remainder when t is divided by n.
7
Suppose 4 + 1 = -5*n. Calculate the remainder when 51/4 + (-2)/(-8) is divided by (n + -1)/((-5)/20).
5
Suppose 3*u - 2 - 1 = 0, 0 = 2*p - 5*u - 37. Calculate the remainder when p is divided by (-62)/(-6) + (-4)/(-6).
10
Suppose -x + 4*x + 177 = 0. Let n = -30 - x. Calculate the remainder when 115 is divided by n.
28
Suppose -4*m + 4 = 24. What is the remainder when 9 is divided by (-22)/m + 10/(-25)?
1
Calculate the remainder when 6/10 + (-186)/(-15) is divided by 5.
3
Let i(d) = -11*d + 31. Let g(r) = -7*r + 21. Let h(f) = -8*g(f) + 5*i(f). Let m be h(6). Let y = 0 - m. Calculate the remainder when 18 is divided by y.
4
Let i(p) = -2*p - 4. Let b(s) = s. Let r = -3 + 6. Let a(u) = r*b(u) - i(u). What is the remainder when 56 is divided by a(3)?
18
Suppose r + r - 26 = 0. Let i = r + -5. Calculate the remainder when 22 is divided by i.
6
Let v = 28 + -4. What is the remainder when 65 is divided by (-2)/(-6) - (-784)/v?
32
Suppose 0 = -5*g + 8 + 7. Let i = 22 - g. Let r = 15 + -5. Calculate the remainder when i is divided by r.
9
Suppose 3*g - 10 = -f + 10, -4*f - g = -36. Let d be -6 + (0/1)/1. Let c = 9 - d. What is the remainder when c is divided by f?
7
Let x be ((-24)/15)/((-2)/5). Suppose -4*a + 5*i - x = -57, 3*a - 4*i - 41 = 0. Calculate the remainder when 19 is divided by a.
5
Let c = -13 + 42. What is the remainder when c is divided by 9?
2
Calculate the remainder when (0 - (-2 + 4)) + 72 is divided by 24.
22
Let p be 0/(1 - (-2 - -4)). Suppose -2*l - 4*x + x - 6 = p, 0 = 5*l - 4*x - 31. Calculate the remainder when (-2)/(-1) - (-3 + 1) is divided by l.
1
Let o(b) = 51*b**2 - 3*b - 2. Let w be o(-1). Suppose 4*v - w = 3*z, 0*z = -5*z + 20. Calculate the remainder when v is divided by 9.
7
Suppose 0 = -f - f + 10. What is the remainder when 18 is divided by f?
3
Let p(y) = -5*y**2 - 3*y + 3. Let b(u) = u**2 + u - 1. Let j(n) = 6*b(n) + p(n). What is the remainder when j(2) is divided by 4?
3
Suppose 0*k = -3*l + 2*k + 178, k = 5*l - 299. Suppose u - 3*u = -l. What is the remainder when u is divided by 16?
14
Suppose 768 = 16*a - 1088. Let k(r) = -9*r - 6. Calculate the remainder when a is divided by k(-4).
26
Let n(o) = -o**3 + 14*o**2 + 6*o + 16. Let c be n(14). Suppose 4*t - j + 12 = c, t = j + 25. Calculate the remainder whe